{"id":1161,"date":"2025-10-01T12:34:00","date_gmt":"2025-10-01T12:34:00","guid":{"rendered":"https:\/\/saopaulodigital.com.br\/home-1\/"},"modified":"2025-12-21T19:57:31","modified_gmt":"2025-12-21T22:57:31","slug":"home-1","status":"publish","type":"page","link":"https:\/\/saopaulodigital.com.br\/portal\/","title":{"rendered":"P\u00e1gina Principal 2026"},"content":{"rendered":"<article style=\"padding: 0 0 0px 0px;\">\n                            <a href=\"https:\/\/saopaulodigital.com.br\/portal\/wp-admin\/post.php?post=885&amp;action=edit\" target=\"_blank\"><br \/>\n                        edit post<br \/>\n                    <\/a><br \/>\n                                <a href=\"https:\/\/saopaulodigital.com.br\/noticias\/sao-paulo-abre-sindicancias-para-apurar-caso-de-camarote\/\"  aria-label=\"Read article: S\u00e3o Paulo abre sindic\u00e2ncias para apurar caso de camarote\"><br \/>\n                        <img decoding=\"async\" src=\"https:\/\/saopaulodigital.com.br\/portal\/wp-content\/uploads\/2025\/12\/Morumbis-1.jpg\" style=\"display: none\" ><br \/>\n                    <\/a><br \/>\n                                <a href=\"https:\/\/saopaulodigital.com.br\/conteudo\/noticias\/\">Not\u00edcias<\/a><\/p>\n<h2>\n                                        <a href=\"https:\/\/saopaulodigital.com.br\/noticias\/sao-paulo-abre-sindicancias-para-apurar-caso-de-camarote\/\"  aria-label=\"Read article: S\u00e3o Paulo abre sindic\u00e2ncias para apurar caso de camarote\">S\u00e3o Paulo abre sindic\u00e2ncias para apurar caso de camarote<\/a><br \/>\n                                    <\/h2>\n<p>                                    <a href=\"https:\/\/saopaulodigital.com.br\/noticias\/sao-paulo-abre-sindicancias-para-apurar-caso-de-camarote\/\"> 15 de dezembro de 2025<\/a><br \/>\n                    <\/article>\n<article style=\"padding: 0 0 0px 0px;\">\n                            <a href=\"https:\/\/saopaulodigital.com.br\/portal\/wp-admin\/post.php?post=884&amp;action=edit\" target=\"_blank\"><br \/>\n                        edit post<br \/>\n                    <\/a><br \/>\n                                <a href=\"https:\/\/saopaulodigital.com.br\/noticias\/oposicao-do-sao-paulo-se-movimenta-para-afastar-casares-apos-escandalo\/\"  aria-label=\"Read article: Oposi\u00e7\u00e3o do S\u00e3o Paulo se movimenta para afastar Casares ap\u00f3s esc\u00e2ndalo\"><br \/>\n                        <img decoding=\"async\" src=\"https:\/\/saopaulodigital.com.br\/portal\/wp-content\/uploads\/2025\/11\/morumbi-10.jpg_Easy-Resize.com_.jpg\" style=\"display: none\" ><br \/>\n                    <\/a><br \/>\n                                <a href=\"https:\/\/saopaulodigital.com.br\/conteudo\/noticias\/\">Not\u00edcias<\/a><\/p>\n<h2>\n                                        <a href=\"https:\/\/saopaulodigital.com.br\/noticias\/oposicao-do-sao-paulo-se-movimenta-para-afastar-casares-apos-escandalo\/\"  aria-label=\"Read article: Oposi\u00e7\u00e3o do S\u00e3o Paulo se movimenta para afastar Casares ap\u00f3s esc\u00e2ndalo\">Oposi\u00e7\u00e3o do S\u00e3o Paulo se movimenta para afastar Casares ap\u00f3s esc\u00e2ndalo<\/a><br \/>\n                                    <\/h2>\n<p>                                    <a href=\"https:\/\/saopaulodigital.com.br\/noticias\/oposicao-do-sao-paulo-se-movimenta-para-afastar-casares-apos-escandalo\/\"> 15 de dezembro de 2025<\/a><br \/>\n                    <\/article>\n<article style=\"padding: 0 0 0px 0px;\">\n                            <a href=\"https:\/\/saopaulodigital.com.br\/portal\/wp-admin\/post.php?post=882&amp;action=edit\" target=\"_blank\"><br \/>\n                        edit post<br \/>\n                    <\/a><br \/>\n                                <a href=\"https:\/\/saopaulodigital.com.br\/noticias\/dois-clubes-da-turquia-fazem-sondagem-por-ferreira-do-sao-paulo\/\"  aria-label=\"Read article: Dois clubes da Turquia fazem sondagem por Ferreira, do S\u00e3o Paulo\"><br \/>\n                        <img decoding=\"async\" src=\"https:\/\/saopaulodigital.com.br\/portal\/wp-content\/uploads\/2025\/12\/Ferreirinha.jpg\" style=\"display: none\" ><br \/>\n                    <\/a><br \/>\n                                <a href=\"https:\/\/saopaulodigital.com.br\/conteudo\/noticias\/\">Not\u00edcias<\/a><\/p>\n<h2>\n                                        <a href=\"https:\/\/saopaulodigital.com.br\/noticias\/dois-clubes-da-turquia-fazem-sondagem-por-ferreira-do-sao-paulo\/\"  aria-label=\"Read article: Dois clubes da Turquia fazem sondagem por Ferreira, do S\u00e3o Paulo\">Dois clubes da Turquia fazem sondagem por Ferreira, do S\u00e3o Paulo<\/a><br \/>\n                                    <\/h2>\n<p>                                    <a href=\"https:\/\/saopaulodigital.com.br\/noticias\/dois-clubes-da-turquia-fazem-sondagem-por-ferreira-do-sao-paulo\/\"> 15 de dezembro de 2025<\/a><br \/>\n                    <\/article>\n<p>                <strong>Optimal Column<\/strong> This module works best for column <strong>12<\/strong> ( current column width <strong>4<\/strong> ). This warning will only show if you login as Admin.<\/p>\n<h3>Not\u00edcias do S\u00e3o Paulo FC<\/h3>\n<article>\n\t\t\t\t\t<a href=\"https:\/\/saopaulodigital.com.br\/portal\/wp-admin\/post.php?post=880&amp;action=edit\" target=\"_blank\"><br \/>\n                        edit post<br \/>\n                    <\/a><br \/>\n\t\t\t\t\t\t\t<a href=\"https:\/\/saopaulodigital.com.br\/conteudo\/noticias\/\">Not\u00edcias<\/a><\/p>\n<h3>\n\t\t\t\t\t\t\t\t<a href=\"https:\/\/saopaulodigital.com.br\/noticias\/audio-expoe-suposto-esquema-clandestino-no-morumbis-e-afasta-dirigentes-do-sao-paulo\/\">\u00c1udio exp\u00f5e suposto esquema clandestino no Morumbis e afasta dirigentes do S\u00e3o Paulo<\/a><br \/>\n\t\t\t\t\t\t\t<\/h3>\n<\/p>\n<p>\t\t\t\t\t\t\t<a href=\"https:\/\/saopaulodigital.com.br\/noticias\/audio-expoe-suposto-esquema-clandestino-no-morumbis-e-afasta-dirigentes-do-sao-paulo\/\"> 15 de dezembro de 2025<\/a><br \/>\n\t\t\t\t\t\t\t<a href=\"https:\/\/saopaulodigital.com.br\/noticias\/audio-expoe-suposto-esquema-clandestino-no-morumbis-e-afasta-dirigentes-do-sao-paulo\/\" aria-label=\"Read more\"><\/a><br \/>\n\t\t\t\t<\/article>\n<article>\n\t\t\t\t\t<a href=\"https:\/\/saopaulodigital.com.br\/portal\/wp-admin\/post.php?post=879&amp;action=edit\" target=\"_blank\"><br \/>\n                        edit post<br \/>\n                    <\/a><br \/>\n\t\t\t\t\t\t\t<a href=\"https:\/\/saopaulodigital.com.br\/conteudo\/noticias\/\">Not\u00edcias<\/a><\/p>\n<h3>\n\t\t\t\t\t\t\t\t<a href=\"https:\/\/saopaulodigital.com.br\/noticias\/sao-paulo-encaminha-contratacao-de-danielzinho-do-mirassol\/\">S\u00e3o Paulo encaminha contrata\u00e7\u00e3o de Danielzinho, do Mirassol<\/a><br \/>\n\t\t\t\t\t\t\t<\/h3>\n<\/p>\n<p>\t\t\t\t\t\t\t<a href=\"https:\/\/saopaulodigital.com.br\/noticias\/sao-paulo-encaminha-contratacao-de-danielzinho-do-mirassol\/\"> 14 de dezembro de 2025<\/a><br \/>\n\t\t\t\t\t\t\t<a href=\"https:\/\/saopaulodigital.com.br\/noticias\/sao-paulo-encaminha-contratacao-de-danielzinho-do-mirassol\/\" aria-label=\"Read more\"><\/a><br \/>\n\t\t\t\t<\/article>\n<article>\n\t\t\t\t\t<a href=\"https:\/\/saopaulodigital.com.br\/portal\/wp-admin\/post.php?post=877&amp;action=edit\" target=\"_blank\"><br \/>\n                        edit post<br \/>\n                    <\/a><br \/>\n\t\t\t\t\t\t\t<a href=\"https:\/\/saopaulodigital.com.br\/conteudo\/noticias\/\">Not\u00edcias<\/a><\/p>\n<h3>\n\t\t\t\t\t\t\t\t<a href=\"https:\/\/saopaulodigital.com.br\/noticias\/sao-paulo-entra-em-acordo-para-parcelar-divida-de-r-88-milhoes-com-nikao\/\">S\u00e3o Paulo entra em acordo para parcelar d\u00edvida de R$ 8,8 milh\u00f5es com Nik\u00e3o<\/a><br \/>\n\t\t\t\t\t\t\t<\/h3>\n<\/p>\n<p>\t\t\t\t\t\t\t<a href=\"https:\/\/saopaulodigital.com.br\/noticias\/sao-paulo-entra-em-acordo-para-parcelar-divida-de-r-88-milhoes-com-nikao\/\"> 13 de dezembro de 2025<\/a><br \/>\n\t\t\t\t\t\t\t<a href=\"https:\/\/saopaulodigital.com.br\/noticias\/sao-paulo-entra-em-acordo-para-parcelar-divida-de-r-88-milhoes-com-nikao\/\" aria-label=\"Read more\"><\/a><br \/>\n\t\t\t\t<\/article>\n<article>\n\t\t\t\t\t<a href=\"https:\/\/saopaulodigital.com.br\/portal\/wp-admin\/post.php?post=875&amp;action=edit\" target=\"_blank\"><br \/>\n                        edit post<br \/>\n                    <\/a><br \/>\n\t\t\t\t\t\t\t<a href=\"https:\/\/saopaulodigital.com.br\/conteudo\/noticias\/\">Not\u00edcias<\/a><\/p>\n<h3>\n\t\t\t\t\t\t\t\t<a href=\"https:\/\/saopaulodigital.com.br\/noticias\/sao-paulo-negocia-contratacao-de-volante-do-mirassol\/\">S\u00e3o Paulo negocia contrata\u00e7\u00e3o de volante do Mirassol<\/a><br \/>\n\t\t\t\t\t\t\t<\/h3>\n<\/p>\n<p>\t\t\t\t\t\t\t<a href=\"https:\/\/saopaulodigital.com.br\/noticias\/sao-paulo-negocia-contratacao-de-volante-do-mirassol\/\"> 12 de dezembro de 2025<\/a><br \/>\n\t\t\t\t\t\t\t<a href=\"https:\/\/saopaulodigital.com.br\/noticias\/sao-paulo-negocia-contratacao-de-volante-do-mirassol\/\" aria-label=\"Read more\"><\/a><br \/>\n\t\t\t\t<\/article>\n<article>\n\t\t\t\t\t<a href=\"https:\/\/saopaulodigital.com.br\/portal\/wp-admin\/post.php?post=872&amp;action=edit\" target=\"_blank\"><br \/>\n                        edit post<br \/>\n                    <\/a><br \/>\n\t\t\t\t\t\t\t<a href=\"https:\/\/saopaulodigital.com.br\/conteudo\/noticias\/\">Not\u00edcias<\/a><\/p>\n<h3>\n\t\t\t\t\t\t\t\t<a href=\"https:\/\/saopaulodigital.com.br\/noticias\/oscar-decide-encerrar-carreira-e-sao-paulo-prepara-rescisao\/\">Oscar decide encerrar carreira e S\u00e3o Paulo prepara rescis\u00e3o<\/a><br \/>\n\t\t\t\t\t\t\t<\/h3>\n<\/p>\n<p>\t\t\t\t\t\t\t<a href=\"https:\/\/saopaulodigital.com.br\/noticias\/oscar-decide-encerrar-carreira-e-sao-paulo-prepara-rescisao\/\"> 12 de dezembro de 2025<\/a><br \/>\n\t\t\t\t\t\t\t<a href=\"https:\/\/saopaulodigital.com.br\/noticias\/oscar-decide-encerrar-carreira-e-sao-paulo-prepara-rescisao\/\" aria-label=\"Read more\"><\/a><br \/>\n\t\t\t\t<\/article>\n<article>\n\t\t\t\t\t<a href=\"https:\/\/saopaulodigital.com.br\/portal\/wp-admin\/post.php?post=870&amp;action=edit\" target=\"_blank\"><br \/>\n                        edit post<br \/>\n                    <\/a><br \/>\n\t\t\t\t\t\t\t<a href=\"https:\/\/saopaulodigital.com.br\/conteudo\/noticias\/\">Not\u00edcias<\/a><\/p>\n<h3>\n\t\t\t\t\t\t\t\t<a href=\"https:\/\/saopaulodigital.com.br\/noticias\/medico-do-sao-paulo-revela-que-dois-jogadores-usaram-canetas-emagrecedoras\/\">M\u00e9dico do S\u00e3o Paulo revela que dois jogadores usaram canetas emagrecedoras<\/a><br \/>\n\t\t\t\t\t\t\t<\/h3>\n<\/p>\n<p>\t\t\t\t\t\t\t<a href=\"https:\/\/saopaulodigital.com.br\/noticias\/medico-do-sao-paulo-revela-que-dois-jogadores-usaram-canetas-emagrecedoras\/\"> 12 de dezembro de 2025<\/a><br \/>\n\t\t\t\t\t\t\t<a href=\"https:\/\/saopaulodigital.com.br\/noticias\/medico-do-sao-paulo-revela-que-dois-jogadores-usaram-canetas-emagrecedoras\/\" aria-label=\"Read more\"><\/a><br \/>\n\t\t\t\t<\/article>\n<article>\n\t\t\t\t\t<a href=\"https:\/\/saopaulodigital.com.br\/portal\/wp-admin\/post.php?post=874&amp;action=edit\" target=\"_blank\"><br \/>\n                        edit post<br \/>\n                    <\/a><br \/>\n\t\t\t\t\t\t\t<a href=\"https:\/\/saopaulodigital.com.br\/conteudo\/noticias\/\">Not\u00edcias<\/a><\/p>\n<h3>\n\t\t\t\t\t\t\t\t<a href=\"https:\/\/saopaulodigital.com.br\/noticias\/oscar-marca-reuniao-com-o-sao-paulo-e-deve-confirmar-aposentadoria\/\">Oscar marca reuni\u00e3o com o S\u00e3o Paulo e deve confirmar aposentadoria<\/a><br \/>\n\t\t\t\t\t\t\t<\/h3>\n<\/p>\n<p>\t\t\t\t\t\t\t<a href=\"https:\/\/saopaulodigital.com.br\/noticias\/oscar-marca-reuniao-com-o-sao-paulo-e-deve-confirmar-aposentadoria\/\"> 12 de dezembro de 2025<\/a><br \/>\n\t\t\t\t\t\t\t<a href=\"https:\/\/saopaulodigital.com.br\/noticias\/oscar-marca-reuniao-com-o-sao-paulo-e-deve-confirmar-aposentadoria\/\" aria-label=\"Read more\"><\/a><br \/>\n\t\t\t\t<\/article>\n<article>\n\t\t\t\t\t<a href=\"https:\/\/saopaulodigital.com.br\/portal\/wp-admin\/post.php?post=868&amp;action=edit\" target=\"_blank\"><br \/>\n                        edit post<br \/>\n                    <\/a><br \/>\n\t\t\t\t\t\t\t<a href=\"https:\/\/saopaulodigital.com.br\/conteudo\/noticias\/\">Not\u00edcias<\/a><\/p>\n<h3>\n\t\t\t\t\t\t\t\t<a href=\"https:\/\/saopaulodigital.com.br\/noticias\/pablo-maia-volta-ao-radar-europeu-e-sao-paulo-admite-possivel-negociacao\/\">Pablo Maia volta ao radar europeu e S\u00e3o Paulo admite poss\u00edvel negocia\u00e7\u00e3o<\/a><br \/>\n\t\t\t\t\t\t\t<\/h3>\n<\/p>\n<p>\t\t\t\t\t\t\t<a href=\"https:\/\/saopaulodigital.com.br\/noticias\/pablo-maia-volta-ao-radar-europeu-e-sao-paulo-admite-possivel-negociacao\/\"> 12 de dezembro de 2025<\/a><br \/>\n\t\t\t\t\t\t\t<a href=\"https:\/\/saopaulodigital.com.br\/noticias\/pablo-maia-volta-ao-radar-europeu-e-sao-paulo-admite-possivel-negociacao\/\" aria-label=\"Read more\"><\/a><br \/>\n\t\t\t\t<\/article>\n<style scoped>.jnews_module__5_69487b5b6204b .jeg_block_heading_5 .jeg_block_title span, .jnews_module__5_69487b5b6204b .jeg_block_heading_5 .jeg_block_title i { color: #B20000; }<\/style>\n","protected":false},"excerpt":{"rendered":"<p>edit post Not\u00edcias S\u00e3o Paulo abre sindic\u00e2ncias para apurar caso de camarote 15 de dezembro de 2025 edit post Not\u00edcias Oposi\u00e7\u00e3o do S\u00e3o Paulo se movimenta para afastar Casares ap\u00f3s esc\u00e2ndalo 15 de dezembro de 2025 edit post Not\u00edcias Dois clubes da Turquia fazem sondagem por Ferreira, do S\u00e3o Paulo 15 de dezembro de 2025 [&hellip;]<\/p>\n","protected":false},"author":1,"featured_media":0,"parent":0,"menu_order":0,"comment_status":"closed","ping_status":"closed","template":"elementor_header_footer","meta":{"jnews_page_loop":{"enable_page_loop":"1","first_title":"NEWS INDEX","second_title":"","header_type":"heading_6","layout":"right-sidebar","sidebar":"home-loop","second_sidebar":"default-sidebar","sticky_sidebar":"1","module":"3","excerpt_length":"20","content_date":"default","date_custom":"Y\/m\/d","content_pagination":"nav_1","pagination_align":"center","post_offset":"6","posts_per_page":"5","sort_by":"latest"},"jnews_single_page":[],"footnotes":""},"class_list":["post-1161","page","type-page","status-publish","hentry"],"_links":{"self":[{"href":"https:\/\/saopaulodigital.com.br\/portal\/wp-json\/wp\/v2\/pages\/1161","targetHints":{"allow":["GET"]}}],"collection":[{"href":"https:\/\/saopaulodigital.com.br\/portal\/wp-json\/wp\/v2\/pages"}],"about":[{"href":"https:\/\/saopaulodigital.com.br\/portal\/wp-json\/wp\/v2\/types\/page"}],"author":[{"embeddable":true,"href":"https:\/\/saopaulodigital.com.br\/portal\/wp-json\/wp\/v2\/users\/1"}],"replies":[{"embeddable":true,"href":"https:\/\/saopaulodigital.com.br\/portal\/wp-json\/wp\/v2\/comments?post=1161"}],"version-history":[{"count":57,"href":"https:\/\/saopaulodigital.com.br\/portal\/wp-json\/wp\/v2\/pages\/1161\/revisions"}],"predecessor-version":[{"id":1381,"href":"https:\/\/saopaulodigital.com.br\/portal\/wp-json\/wp\/v2\/pages\/1161\/revisions\/1381"}],"wp:attachment":[{"href":"https:\/\/saopaulodigital.com.br\/portal\/wp-json\/wp\/v2\/media?parent=1161"}],"curies":[{"name":"wp","href":"https:\/\/api.w.org\/{rel}","templated":true}]}}